74869 a multiple of 1869?
True
Does 3 divide 3399331?
False
Is 5 a factor of 12056998?
False
Is 749170625 a multiple of 5?
True
Does 59 divide 45579835?
False
Is 23433127 a multiple of 569?
True
Does 683 divide 198270575?
False
Is 813 a factor of 1207482?
False
Is 1036 a factor of 292280223?
False
Does 5350 divide 476289100?
True
Is 49 a factor of 2254883494?
False
Is 29086888 a multiple of 8?
True
Is 19 a factor of 57219393?
True
Does 182 divide 15417766?
True
Does 34 divide 12545860?
False
Is 4 a factor of 421403396?
True
Is 19 a factor of 77241664?
False
Does 48 divide 64650960?
True
Is 5 a factor of 407478972?
False
Does 59 divide 342950893?
True
Is 1981 a factor of 7121066244?
False
Is 3975416600 a multiple of 25?
True
Is 8025840 a multiple of 142?
True
Is 180 a factor of 257213499?
False
Is 233868180 a multiple of 5460?
True
Is 1068 a factor of 378667650?
False
Does 32 divide 24439296?
True
Does 60 divide 95529240?
True
Is 11 a factor of 654690036?
True
Is 8852415 a multiple of 11?
True
Is 701 a factor of 153823411?
False
Is 3 a factor of 5136900?
True
Is 2323133835 a multiple of 8895?
True
Is 16977012 a multiple of 852?
False
Is 23137296 a multiple of 31?
False
Does 90 divide 829919188?
False
Does 150 divide 1260777900?
True
Is 37 a factor of 252054767?
True
Is 6223845 a multiple of 28?
False
Is 70330698 a multiple of 1422?
True
Does 2200 divide 128759400?
True
Is 7400528 a multiple of 263?
False
Is 107424800 a multiple of 25?
True
Is 346 a factor of 100233086?
True
Is 152672095 a multiple of 29?
True
Is 47546544 a multiple of 16?
True
Does 286 divide 1134806244?
True
Is 12960666 a multiple of 18?
True
Is 188229901 a multiple of 2?
False
Is 159624827 a multiple of 757?
False
Is 1447 a factor of 369951596?
True
Is 26480320 a multiple of 320?
True
Does 1288 divide 83529376?
True
Is 38 a factor of 58249928?
False
Is 280 a factor of 44986193?
False
Is 456 a factor of 10494455?
False
Is 44873250 a multiple of 285?
True
Is 1427800982 a multiple of 43?
True
Is 735 a factor of 197178450?
True
Is 1832825558 a multiple of 685?
False
Is 6668910 a multiple of 15?
True
Is 95 a factor of 264684250?
True
Is 2082 a factor of 5302119054?
True
Is 1185 a factor of 2429847?
False
Does 6 divide 184521450?
True
Is 15 a factor of 51462506?
False
Is 78169277 a multiple of 252?
False
Does 2943 divide 162821475?
True
Is 378288 a multiple of 56?
False
Is 1207 a factor of 272937703?
True
Does 17 divide 114835?
True
Is 39998686 a multiple of 266?
True
Is 1138 a factor of 32599666?
False
Does 620 divide 50070580?
True
Is 2697341616 a multiple of 554?
False
Does 219 divide 803953599?
True
Does 5 divide 24733212?
False
Is 78 a factor of 87797861?
False
Does 14 divide 1689720206?
False
Does 96 divide 56070144?
True
Is 327 a factor of 415184379?
True
Does 1717 divide 872891894?
True
Is 295493362 a multiple of 524?
False
Does 23 divide 34624795?
False
Is 6 a factor of 840403?
False
Is 1377807 a multiple of 61?
True
Is 7262 a factor of 1912179006?
True
Is 6784252 a multiple of 50?
False
Is 4033356060 a multiple of 1860?
True
Does 8 divide 13605849?
False
Is 1008 a factor of 99988963?
False
Is 2108 a factor of 150054622?
False
Is 268043287 a multiple of 7?
False
Does 41 divide 4794409?
False
Does 89 divide 1183714952?
True
Does 1176 divide 3113038992?
True
Does 39 divide 1602028?
False
Is 26 a factor of 21701966?
True
Is 3036248 a multiple of 17?
False
Is 1676 a factor of 4161831?
False
Is 2693 a factor of 121836744?
False
Is 56 a factor of 3079552?
True
Is 1514 a factor of 7712250?
False
Is 2205 a factor of 23754465?
True
Is 817 a factor of 5171610?
True
Is 9 a factor of 11344904?
False
Is 58 a factor of 11422201?
False
Is 539 a factor of 152831699?
False
Does 974 divide 315292181?
False
Is 18 a factor of 182853342?
True
Is 34 a factor of 1452379598?
True
Does 47 divide 123029663?
False
Is 85281892 a multiple of 373?
False
Is 231 a factor of 33330528?
True
Does 6 divide 47466204?
True
Is 8 a factor of 3494151?
False
Is 265512828 a multiple of 92?
True
Does 2 divide 15252964?
True
Is 113499835 a multiple of 155?
True
Is 982715058 a multiple of 78?
True
Is 247733016 a multiple of 591?
True
Is 3680086 a multiple of 18?
False
Is 11706156 a multiple of 103?
True
Does 629 divide 37027343?
True
Is 1228 a factor of 9669341?
False
Does 68 divide 7613348?
True
Is 764906897 a multiple of 604?
False
Is 933 a factor of 21924856?
False
Is 565565217 a multiple of 7?
True
Is 113845860 a multiple of 1926?
True
Does 81 divide 277223553?
True
Is 1984 a factor of 188134784?
True
Does 3684 divide 1020707460?
True
Does 2406 divide 3071118997?
False
Does 262 divide 720088136?
True
Is 10892179 a multiple of 294?
False
Is 756 a factor of 178077312?
True
Is 218 a factor of 1441977350?
True
Is 527729200 a multiple of 10?
True
Is 30 a factor of 1302201295?
False
Is 921 a factor of 9813147?
False
Is 875972265 a multiple of 7?
True
Is 555 a factor of 110524003?
False
Is 1145110505 a multiple of 6671?
True
Is 1283040823 a multiple of 29?
True
Is 20 a factor of 5238040?
True
Is 64488598 a multiple of 94?
False
Is 3437 a factor of 8011171?
False
Is 2174204975 a multiple of 685?
False
Is 93578801 a multiple of 7?
False
Is 9184 a factor of 488377568?
True
Does 4742 divide 180671169?
False
Does 13 divide 114819919?
False
Is 3535 a factor of 138660375?
True
Is 35321011 a multiple of 577?
False
Does 137 divide 170969287?
True
Does 295 divide 21760380?
True
Is 55 a factor of 65093475?
False
Does 5 divide 36321360?
True
Does 289 divide 1488455196?
True
Is 10 a factor of 10621400?
True
Does 63 divide 1414489482?
True
Is 2457368901 a multiple of 351?
True
Does 50 divide 30299400?
True
Does 20 divide 459333620?
True
Is 10717220 a multiple of 10?
True
Does 9 divide 816963994?
False
Does 2977 divide 110554390?
False
Is 246 a factor of 10620312?
True
Is 4874724 a multiple of 17?
False
Does 60 divide 200051243?
False
Is 739 a factor of 827479105?
False
Is 4430 a factor of 76603560?
True
Does 147 divide 286466103?
True
Is 15 a factor of 57369735?
True
Does 176 divide 111977536?
True
Is 546 a factor of 1767149389?
False
Is 7175291 a multiple of 4?
False
Is 1172 a factor of 22614912?
True
Does 59 divide 13729326?
False
Does 14 divide 434657726?
False
Is 209 a factor of 1215677?
False
Is 893650588 a multiple of 211?
False
Is 3262 a factor of 844671872?
False
Does 148 divide 3448345?
False
Is 343710 a multiple of 670?
True
Is 366 a factor of 4374827143?
False
Is 902981004 a multiple of 3691?
True
Does 74 divide 38372674?
False
Is 180015732 a multiple of 193?
True
Is 4726672 a multiple of 70?
False
Does 724 divide 194487122?
False
Does 2 divide 28852985?
False
Does 229 divide 13479398?
True
Is 12 a factor of 99626798?
False
Is 531135325 a multiple of 187?
False
Is 1376 a factor of 27460442?
False
Is 36 a factor of 44356398?
False
Does 30 divide 4893930?
True
Is 463965931 a multiple of 736?
False
Does 136 divide 792149544?
True
Is 362 a factor of 35804696?
True
Does 13 divide 17232749?
False
Does 16 divide 16568485?
False
Is 1292196023 a multiple of 632?
False
Does 1512 divide 14089895?
False
Is 831864206 a multiple of 51?
False
Is 123625153 a multiple of 187?
False
Is 1394881072 a multiple of 26?
True
Is 1565704909 a multiple of 26?
False
Does 5 divide 8124140?
True
Does 15 divide 24612197?
False
Is 49 a factor of 12959422?
True
Is 415 a factor of 27620740?
True
Is 115 a factor of 736099705?
True
Is 3836 a factor of 860601467?
False
Does 44 divide 663644828?
True
Is 32 a factor of 572105279?
False
Does 139 divide 19816535?
True
Is 3431255220 a multiple of 31?
False
Is 74364545 a multiple of 3349?
True
Is 6536322 a multiple of 18?
True
Is 96 a factor of 167340334?
False
Does 81 divide 81667278?
True
Is 1124 a factor of 19849840?
True
Is 3227957931 a multiple of 76?
False
Is 13 a factor of 11071671?
True
Does 869 divide 20558793?
False
Is 8938148 a multiple of 58?
True
Is 39 a factor of 605297266?
False
Does 253 divide 476282367?
True
Is 223 a factor of 754172397?
True
Does 3951 divide 15531381?
True
Does 2048 divide 50223104?
True
Is 34 a factor of 106266795?
False
Does 66 divide 66036654?
False
Does 25 divide 212107100?
True
Is 41786360 a multiple of 110?
True
Is 126636750 a multiple of 73?
True
Is 316 a factor of 1907